*(-4)/(-6). Let z(c) = -2*c - 6. Let y be z(h). Let j(w) = -w**2 - 12*w - 11. Calculate j(y).
21
Let r(j) = j + 4. Suppose 17 = -3*g + 4*g + 3*k, 0 = -4*g + k + 16. What is r(g)?
9
Let v(o) = 2*o + 17. Let r be -23 - (-8 + (-102)/(-6)). Let m be (-1 - 8) + 33 + r. Give v(m).
1
Let a(i) = -i**3 + 6*i**2 - 4*i - 2. Let y be a(5). Suppose -5*s = 209 - 654. Let d(j) = -1 + 43*j - s*j + 44*j. Determine d(y).
-7
Let n = -545 + 549. Suppose 0 = 2*r + 5*x - 15, 0 = -5*r - 2*x - n + 10. Let o(l) = -l**3 - l**2 + 4*l + 6. Calculate o(r).
6
Let r(k) = k. Let u = 121 + -114. Let y be r(u). Let w(l) = -l**3 + 6*l**2 + 6*l - 1. Determine w(y).
-8
Suppose -3*w + 72 = -5*t + 317, -4*w = 5*t + 280. Let s be (-47 + 45)/((8/86)/4). Let y = s - w. Let i(n) = n**2 + 10*n - 12. Calculate i(y).
-1
Let p(f) = -4*f + 3*f - 5*f + 4*f - f. Give p(4).
-12
Let j(u) be the first derivative of u**4/4 - 17*u**3/3 + 15*u**2/2 - 2*u - 626. Determine j(16).
-18
Let i(s) = 5. Let x(f) = -3*f + 30. Let m(o) = 8*o - 88. Let q(p) = -4*m(p) - 11*x(p). Let v(k) = 9*i(k) - 2*q(k). Determine v(7).
-13
Let t(v) be the first derivative of v**3/3 - 19*v**2 - 164*v - 2646. Calculate t(42).
4
Let u = 290 + -290. Suppose 105*i - 118*i - 52 = u. Let v(z) = z**3 + 2*z**2 - 8*z + 1. What is v(i)?
1
Let b(o) = -4*o + 1. Suppose 7 = -7*g - 7. Let u(w) be the second derivative of 2*w**3/3 - w**2 + 14*w. Let f(j) = g*u(j) - 3*b(j). Determine f(3).
13
Let a(b) = 2824*b**2 - b**3 + 14 - 88*b - 2843*b**2 + 4. Give a(-9).
0
Let c(s) = 20*s. Let k be c(2). Suppose u + 5*p - 44 = 0, 0 = 5*u - 2*p - 37 - 156. Let m = u - k. Let i(g) = -13*g - 1. What is i(m)?
12
Let c(w) = 24*w**3 - 18*w**2 - 14*w + 93. Let j(l) = -13*l**3 + 9*l**2 + 8*l - 47. Let n(b) = -6*c(b) - 11*j(b). Give n(8).
-9
Suppose 15 + 5 = -4*u. Let n(v) = -v. Let o(h) = h + 1. Let s(f) = 8*f + 14. Let m(b) = -10*o(b) + s(b). Let q(z) = m(z) - 4*n(z). What is q(u)?
-6
Let z(i) = i**2 - 1. Let h(l) = -7*l**2 - 4*l - 1. Let c(s) = h(s) + 6*z(s). Let k be ((-1782)/154 + 15)*14/1. Let w be 4 - (k/32)/(3/20). Calculate c(w).
-19
Let n(i) = -i**3 + 8*i**2 + 5*i - 7. Let f = -707 - -656. Let t be f/(-7) + 2 + (-40)/140. What is n(t)?
-43
Suppose 21 = -4*r + 9, 3*q - 2*r = 6. Suppose -2*k + 10 - 2 = q. Suppose k*i - 3*v = 1 - 3, 0 = 3*v + 6. Let u(s) = -s**3 + s - 2. Determine u(i).
4
Let j(d) be the first derivative of -7/24*d**4 + 1/120*d**5 - 3*d**3 + 0*d**2 + 0*d - 15. Let l(r) be the third derivative of j(r). Calculate l(-5).
-12
Let r be (-2)/(-3) + 7/3. Let k(s) = -3 - 2*s + 5*s**r + 2*s**2 - 4*s**3 + 4. Suppose 553*a = 223 + 330. What is k(a)?
2
Let o(u) = -354*u + 20. Let h(f) = 209*f - 10. Let x(a) = 5*h(a) + 3*o(a). Calculate x(4).
-58
Let l(h) = 3*h + 1. Suppose 410 = 2*q + 3*q. Suppose -100*v + 92*v - 640 = 0. Let s = q + v. Determine l(s).
7
Let p(j) = j**2 - 5*j - 2. Let l be 1*(0 - -4) - 4. Suppose -26*k + 21*k + 340 = l. Suppose 5*z + 5*f = k - 18, -3*z + 40 = 5*f. Give p(z).
-2
Let q(p) = 12 - 30 + 0*p - 9*p + 20 + 3*p. Suppose 3*s - 3 = f + 1, -2*f + s + 2 = 0. Give q(f).
-10
Let b(d) = 8*d + 72. Suppose 84 = -940*x + 926*x. What is b(x)?
24
Let q(y) be the third derivative of 11*y**2 + 1/6*y**3 + 0 - 1/4*y**4 + 1/60*y**5 + 0*y. What is q(6)?
1
Let t(f) be the third derivative of f**5/60 - 5*f**4/24 - f**2. Suppose g + 4*d + 27 = 0, -4*d - 13907 = 5*g - 13900. What is t(g)?
0
Let x(o) = -o - 41. Let h(a) = a - 77. Let f(z) = -h(z) + 2*x(z). Suppose -2*n - 26 = -0*b - 4*b, -5*b = -n - 28. Give f(b).
-20
Let r(z) be the second derivative of -z**4/4 + z**3/3 - 2*z**2 - 41*z. Let l(d) = 3*d**2 - 2*d + 3. Let p(v) = 3*l(v) + 2*r(v). Calculate p(1).
2
Let s(c) = 21*c - 1 + 0*c + 35*c - 59*c. Calculate s(-9).
26
Let p(z) = -z**2 + z + 8. Suppose 5*h = -2*k - 30, 10*k + 5*h = 5*k - 45. Let w(t) = -t**2 - 3*t + 14. Let u be w(k). What is p(u)?
-4
Let a(z) = 11*z**2 + 447*z - 468*z + 33 - 10*z**2. Determine a(19).
-5
Let g(f) = -58*f**3 + 8*f**2 - 2*f - 20. Let o(d) = 102*d**3 - 14*d**2 + 3*d + 39. Let s(u) = -7*g(u) - 4*o(u). Give s(-3).
32
Let t be 1/(1*3/(-3)). Let h be (-57 - (-8 + 4))/(6/(-72)). Let a(m) = -11*m + h + 636 - 1272. Calculate a(t).
11
Let c(a) = -a**3 - 2*a**2 - 7*a - 107. Let g be c(-5). Let w(n) = n**3 + 4*n - 2. Let k(x) = x**3 - x**2 + 3*x - 2. Let b(t) = 3*k(t) - 2*w(t). Give b(g).
1
Let i(g) be the first derivative of g**5/30 + g**4/24 - g**3/2 - g**2 + 4*g - 98. Let k(x) be the second derivative of i(x). Determine k(-3).
12
Let p(f) = -18 - 11*f + 14*f**2 + 43*f**2 + 20 - 10*f + 20*f. Give p(1).
58
Let y(c) = c**2 + 2*c - 7. Let h(r) = -9 + 6 + 5*r - 15 + 13*r - 41. Let v be h(3). What is y(v)?
8
Let k = -38 - -25. Let x(v) = -19 - 20*v + 18*v + 7*v + 18. Let f(p) = -11*p + 2. Let o(m) = k*x(m) - 6*f(m). Calculate o(-3).
-2
Suppose -5*j + 2*c + 677 = 3461, 2*c - 2228 = 4*j. Let y = j + 566. Let i(l) = l - 4. Determine i(y).
6
Let c(o) = 3*o**2 - 5*o - 5. Suppose -18*p + 1 - 87 = -14. What is c(p)?
63
Let r(d) = 7*d - 33. Let x = -24834 - -24842. Determine r(x).
23
Let g(s) = 2*s**2 - 8*s - 3. Let n be (-2)/((-1 + (-14)/(-10))/((-1035)/575)). What is g(n)?
87
Let y(p) = p**2 - 128*p - 3291. Let i be y(-22). Let z(v) = 21*v - 166. Calculate z(i).
23
Let j(i) = -7*i - 4*i + 25*i - 2*i**2 - 4*i + i**3 - 11*i. Let k(r) = r**2 - 6*r + 3. Let v be k(2). Let l = 7 + v. Calculate j(l).
-2
Let a(o) = o**3 + o**2 + 4*o - 20. Let q(y) = y**3 + 5*y - 21. Let i(x) = 7*a(x) - 6*q(x). What is i(-7)?
0
Let s(t) = -2*t**2 - 6*t - 15. Let g(q) = 16*q**2 + 44*q + 106. Let d(i) = 2*g(i) + 15*s(i). Determine d(4).
11
Suppose -4*v + 2*g + 8 = 0, -3*v + 7*v - 4*g = 16. Let d(r) = -4*r**2 + v*r + 1 + 0*r. Let l be (-3 - -7) + (-15 - (-156)/(-4 + 17)). Calculate d(l).
-3
Suppose -w = 5*m + 29, 8 + 7 = 3*w - 2*m. Let f(y) = -y + 7. Give f(w).
6
Let n be (-2 - (-38)/14)*(-637)/(-91). Let p(y) = -7*y**2 + 5. Let z(s) = -4*s**2 - s + 2. Let g(b) = n*z(b) - 3*p(b). Determine g(5).
-5
Let n(h) = -h**3 + 9*h**2 + h - 1. Suppose 0 = -4*w + 8, 311 = -y - 3*w + w. Let k = -306 - y. Determine n(k).
8
Let k(p) = -2*p - 10. Let t(f) = -4*f + 17. Let h be t(3). Let z(r) = -3*r - 21. Let m(u) = h*k(u) - 3*z(u). Give m(9).
4
Let v(h) = -h**3 - h**2 + h + 2. Suppose 4*a = -4*o + 8, -19 = -5*a + o + 3*o. Suppose -a*t + 75 = -0*t. Let s = 27 - t. Calculate v(s).
-8
Suppose 85*s + 152 = 123*s. Let y(i) = 6*i - 42. Determine y(s).
-18
Suppose 2*s - 52 = 4*o + 7*s, 2*o = 5*s + 4. Let n(m) = 8*m - 8*m + m**3 - 8*m + 7*m**2 + 4. Determine n(o).
4
Let i(p) = -6*p**2 + 7*p + 2. Let f = -97 + 101. Let u(q) = -5*q**2 + 7*q + 3. Let z(l) = f*i(l) - 5*u(l). What is z(8)?
1
Let s(f) = -f**2 - 9*f - 17. Let r be s(-7). Let o(z) be the second derivative of -3*z**3/2 + z**2/2 + z + 1486. What is o(r)?
28
Let p(z) = 25*z**3 + 38*z**2 + 72*z + 25. Let a(m) = 9*m**3 + 13*m**2 + 25*m + 8. Let u(t) = 11*a(t) - 4*p(t). What is u(-6)?
-42
Let w(u) = u**2 + 22*u + 29. Let t = -7697 - -7679. Give w(t).
-43
Suppose 5 = 4*w - 3. Let l be w - ((-3 - -1) + -23). Let t(y) = -18 + l - 17 + 2*y. Give t(6).
4
Let a(k) = 2*k**3 - 3*k**2 - 2*k + 4. Let o be (-3*(-11)/99)/(1/12). Suppose 14 = -o*r + 11*r. Calculate a(r).
4
Let a(l) = 5*l + 2. Let w(g) = -g**2 - 114*g - 2886. Let q be w(-76). Calculate a(q).
12
Let s(y) = -y**3 + 32*y**2 - 126*y - 247. Let f be s(27). Let i(t) = -2*t**3 - 8*t**2 + t + 3. What is i(f)?
-1
Let v = -3247 + 3220. Let b(i) = -4*i - 102. Calculate b(v).
6
Let l(m) = 4*m - 26. Let g be l(7). Suppose -4 = -g*z, 2*w - 4*w = z + 6. Let i(x) be the second derivative of x**4/12 + x**2 + 2*x. What is i(w)?
18
Let w(c) be the first derivative of c**4/4 - c**2/2 + 6*c + 5074. Determine w(-2).
0
Let x(v) be the second derivative of v**3/6 - 3*v**2/2 - v. Suppose 0*n = -8*n. Suppose -30 = -n*l + 10*l. Calculate x(l).
-6
Let k(y) be the first derivative of 3*y**2/2 + 22*y - 7. Let o be k(-8). Let z be (-1)/o*(4 + 2). Let j(f) = -f + 3. Give j(z).
0
Let i(p) = -2597*p - 309053. Let t be i(-119). Let v = 5 - -1. Let n(m) = v - 3 - 18 - 2*m. Calculate n(t).
5
Let f(u) = -2*u - 8. Let z be f(-6). Let t = 15 + -12. Let o(h) = 63*h**3 + 7*h**2 + h**2 - 2*h - 31*h**t - 2*h**2 - 33*h**3. What is o(z)?
24
Let d = -191 - -356. Let i(m) = -165 + m**3 + d - 6*m**2. Calculate i(6).
0
Le